ghest common divisor of 29623 and 11.
11
What is the highest common divisor of 21 and 623?
7
Calculate the greatest common factor of 63 and 2016.
63
What is the highest common divisor of 28 and 1526?
14
What is the greatest common factor of 16440 and 72?
24
Calculate the highest common divisor of 488 and 183.
61
Calculate the highest common divisor of 299 and 46.
23
What is the highest common divisor of 129 and 3?
3
What is the greatest common factor of 1798 and 319?
29
What is the highest common factor of 47 and 705?
47
Calculate the highest common factor of 8000 and 1750.
250
What is the greatest common factor of 20 and 570?
10
What is the highest common factor of 37 and 25826?
37
What is the highest common divisor of 16 and 18616?
8
Calculate the highest common factor of 88 and 209.
11
Calculate the greatest common divisor of 45 and 711.
9
Calculate the greatest common factor of 256 and 736.
32
Calculate the greatest common divisor of 32 and 1888.
32
What is the greatest common divisor of 803 and 253?
11
What is the greatest common factor of 176 and 1551?
11
What is the greatest common factor of 6850 and 100?
50
What is the highest common factor of 12 and 114?
6
What is the highest common factor of 88 and 2068?
44
Calculate the highest common factor of 26 and 4498.
26
What is the highest common divisor of 220 and 13310?
110
Calculate the highest common factor of 56 and 448.
56
Calculate the highest common divisor of 108 and 408.
12
What is the highest common factor of 58 and 14848?
58
Calculate the highest common factor of 44 and 5038.
22
What is the highest common divisor of 2116 and 184?
92
What is the greatest common factor of 2366 and 28?
14
Calculate the highest common factor of 220 and 495.
55
Calculate the highest common divisor of 756 and 4473.
63
Calculate the greatest common factor of 63 and 14.
7
What is the highest common divisor of 615 and 3813?
123
What is the greatest common divisor of 73 and 511?
73
What is the highest common factor of 1 and 109?
1
What is the highest common factor of 47 and 94?
47
Calculate the highest common divisor of 716 and 12.
4
What is the greatest common factor of 165 and 605?
55
Calculate the greatest common factor of 66 and 66.
66
Calculate the greatest common divisor of 14 and 1134.
14
What is the greatest common factor of 10 and 460?
10
What is the highest common divisor of 15 and 615?
15
What is the greatest common factor of 3565 and 31?
31
Calculate the greatest common factor of 6165 and 45.
45
Calculate the greatest common factor of 570 and 380.
190
Calculate the greatest common factor of 169 and 13.
13
Calculate the highest common factor of 9696 and 60.
12
Calculate the greatest common divisor of 16 and 8.
8
What is the highest common factor of 644 and 2156?
28
Calculate the greatest common factor of 630 and 37380.
210
Calculate the greatest common divisor of 17 and 1649.
17
Calculate the greatest common divisor of 370 and 925.
185
Calculate the greatest common factor of 23 and 1265.
23
Calculate the greatest common divisor of 875 and 200.
25
What is the greatest common divisor of 17 and 459?
17
What is the highest common factor of 15 and 285?
15
What is the highest common factor of 7272 and 27?
9
What is the highest common factor of 68 and 544?
68
Calculate the greatest common factor of 544 and 1020.
68
What is the greatest common divisor of 933 and 3?
3
Calculate the greatest common factor of 460 and 620.
20
What is the highest common factor of 100 and 425?
25
Calculate the highest common divisor of 102 and 765.
51
Calculate the highest common divisor of 875 and 2125.
125
Calculate the greatest common factor of 490 and 28.
14
Calculate the greatest common factor of 803 and 33.
11
What is the highest common factor of 602 and 14?
14
What is the highest common factor of 180 and 486?
18
What is the highest common divisor of 17 and 1?
1
What is the greatest common factor of 81 and 27?
27
Calculate the greatest common divisor of 34 and 16.
2
What is the highest common factor of 504 and 15372?
252
Calculate the greatest common factor of 72 and 666.
18
What is the greatest common divisor of 76 and 190?
38
Calculate the highest common factor of 1594 and 2.
2
What is the highest common factor of 55 and 22?
11
What is the highest common divisor of 96 and 208?
16
What is the highest common factor of 3 and 1800?
3
What is the greatest common factor of 2 and 514?
2
Calculate the highest common factor of 279 and 18.
9
Calculate the highest common divisor of 5 and 355.
5
Calculate the highest common divisor of 71 and 781.
71
What is the greatest common factor of 24 and 21?
3
Calculate the highest common factor of 1463 and 77.
77
What is the highest common factor of 1584 and 462?
66
What is the greatest common factor of 207 and 736?
23
What is the highest common divisor of 42 and 1106?
14
Calculate the greatest common divisor of 152 and 95.
19
Calculate the highest common divisor of 13550 and 200.
50
Calculate the highest common factor of 36 and 252.
36
Calculate the highest common factor of 940 and 30.
10
What is the highest common factor of 816 and 9?
3
Calculate the highest common factor of 10 and 190.
10
What is the highest common divisor of 7710 and 45?
15
Calculate the highest common divisor of 100 and 3100.
100
Calculate the highest common divisor of 396 and 360.
36
Calculate the greatest common factor of 7660 and 160.
20
Calculate the highest common divisor of 12 and 2148.
12
Calculate the highest common factor of 552 and 276.
276
Calculate the greatest common divisor of 78 and 4251.
39
Calculate the highest common divisor of 1247 and 43.
43
Calculate the greatest common factor of 670 and 30.
10
What is the highest common divisor of 102 and 1377?
51
What is the greatest common factor of 1859 and 143?
143
Calculate the greatest common divisor of 45 and 423.
9
Calculate the greatest common factor of 13452 and 12.
12
Calculate the highest common divisor of 119 and 102.
17
Calculate the highest common divisor of 570 and 3.
3
What is the highest common divisor of 3003 and 1848?
231
What is the highest common factor of 148 and 6586?
74
What is the highest common factor of 33 and 682?
11
Calculate the greatest common divisor of 28 and 124.
4
Calculate the greatest common divisor of 15 and 10.
5
Calculate the greatest common divisor of 646 and 68.
34
What is the greatest common factor of 28287 and 63?
63
What is the greatest common divisor of 36 and 522?
18
What is the highest common factor of 141 and 329?
47
What is the greatest common factor of 36 and 588?
12
What is the highest common factor of 8010 and 90?
90
What is the highest common divisor of 96 and 468?
12
What is the greatest common divisor of 152 and 1691?
19
Calculate the highest common divisor of 14 and 1414.
14
What is the highest common divisor of 5538 and 6?
6
Calculate the greatest common divisor of 539 and 833.
49
What is the greatest common divisor of 60 and 1950?
30
Calculate the highest common divisor of 10 and 125.
5
What is the highest common factor of 114 and 285?
57
What is the highest common divisor of 36 and 10926?
18
Calculate the highest common factor of 925 and 100.
25
Calculate the highest common divisor of 5880 and 360.
120
Calculate the highest common factor of 143 and 247.
13
What is the greatest common divisor of 567 and 324?
81
Calculate the greatest common factor of 6204 and 3807.
141
What is the greatest common divisor of 68 and 8?
4
What is the highest common divisor of 11 and 22?
11
What is the greatest common factor of 124 and 62?
62
Calculate the greatest common divisor of 665 and 315.
35
Calculate the highest common factor of 140 and 3255.
35
Calculate the highest common divisor of 159 and 17013.
159
Calculate the greatest common divisor of 4 and 852.
4
Calculate the greatest common divisor of 26 and 39.
13
What is the greatest common divisor of 399 and 1729?
133
Calculate the highest common divisor of 1308 and 22563.
327
What is the greatest common factor of 320 and 10980?
20
Calculate the highest common factor of 1408 and 256.
128
What is the highest common factor of 75 and 550?
25
Calculate the highest common divisor of 950 and 114.
38
What is the greatest common divisor of 36 and 1278?
18
What is the great